uppose -2*s + 2 = 0, -2*s = -5*l - 2 + q. Calculate u(l).
5
Let d(a) = -8*a + 1. Let z(t) be the second derivative of -11*t**3/2 + 2*t**2 + 16*t. Let b(j) = 9*d(j) - 2*z(j). Give b(-1).
7
Let m(b) = 4*b**2 - b + 3. Let r be ((-2)/(-5))/(8*2/120). Give m(r).
36
Suppose 7*k - 233 = -268. Let w(i) = -i**3 - 5*i**2 - 5. Determine w(k).
-5
Let t(p) = 10 + 20 + 4*p - 22. What is t(-5)?
-12
Let y(s) = -5*s + 38 - 5*s - 39 + 2*s + 2*s**2. Calculate y(7).
41
Let h(w) = -w**3 - w**2 - 24*w - 50. Let g be h(-2). Let a(k) = 11*k**2 - 11*k - 5. Let j(c) = -6*c**2 + 6*c + 3. Let y(o) = -3*a(o) - 5*j(o). Calculate y(g).
-6
Let w(l) = -2 - 2*l + 2. Let j = 51 - 46. Let s(r) = r**3 - 6*r**2 + 4*r + 9. Let v be s(j). Calculate w(v).
-8
Let b(f) = 2*f**2 + 10*f - 3. Let q(l) = -l**2 - 5*l + 1. Let j(u) = -u**3 - 7*u**2 - 7*u - 2. Let r be j(-6). Let a(p) = r*b(p) + 9*q(p). What is a(-6)?
-9
Let f(c) = -2*c**3 - 5*c**2 + 3*c + 1. Let w(j) = -2*j**3 - 6*j**2 + 4*j + 2. Let r(q) = -4*f(q) + 3*w(q). Suppose -7*g - 10 = -2*g. What is r(g)?
-6
Let y(u) be the third derivative of -u**5/60 - 13*u**4/24 - 3*u**3/2 - 2*u**2. Let n = 1541 - 1553. Calculate y(n).
3
Let r = -116 - -112. Let c(k) be the second derivative of 3/2*k**2 + 0 + 1/6*k**3 + 2*k. Calculate c(r).
-1
Let s be 3 + -1 - (-3 + 3). Let i(u) = 30 - 3*u - 29 + s*u. Suppose -3*d - 4*f = -15, -2*d + f = -4*d + 10. Determine i(d).
-4
Let d be 18/4 + (-3)/(-2). Let j(u) = u**2 + 6*u + 8. Let s(x) = -3*x**2 - 12*x - 16. Let n be -1*10/(-3 - -1). Let i(q) = n*j(q) + 2*s(q). What is i(d)?
8
Let k(r) = r**3 - 5*r**2 + 3*r + 1. Let u(m) = -m**3 - 8*m**2 - 7*m + 2. Let j be u(-7). Suppose -2*d - 2*n = -18, j*d + 3*d - 5*n = -5. What is k(d)?
-3
Let a(h) = -h**2 - 8*h - 3. Let l(r) = -3*r + 4*r**3 - 9*r**3 + 4*r**3 + 6 - 6*r**2 - 2. Let k be l(-2). Calculate a(k).
9
Let r(z) be the first derivative of 0*z**2 + 1/4*z**4 - 1/60*z**5 - 7/3*z**3 + 0*z + 7. Let w(u) be the third derivative of r(u). Determine w(5).
-4
Let t(n) = -2*n**2 + 8*n + 18. Let g be t(-4). Let c = g - -43. Let u(l) = -2*l - 1. What is u(c)?
5
Let v(r) be the first derivative of -r**2/2 + 7*r - 130. Give v(0).
7
Let c(w) be the third derivative of -w**5/30 + 2*w**4 + 19*w**3/2 + 62*w**2 - 2*w. What is c(25)?
7
Suppose -4*w = 314 - 306. Let d(q) = -7*q**2 + 3*q - 6. Let r(x) = 7*x**2 + 3*x - 7*x + 7 + x**2. Let f(p) = 7*d(p) + 6*r(p). What is f(w)?
2
Let f(b) = -7*b + 1. Let q be f(1). Let p(j) = -185*j + 0*j**2 - 6 + 179*j - j**2. Give p(q).
-6
Let b(z) = 26*z + 58. Let x(a) = 9*a + 19. Let l(g) = 6*b(g) - 17*x(g). What is l(-10)?
-5
Let i(m) = 3. Suppose -2*w = g + 3, w - 3 = -g - 2. Let b(d) = -d - 8. Let q(u) = w*b(u) - 11*i(u). What is q(2)?
7
Let x(d) = -d**2 - 5*d - 3. Let q be -6 - (-1 + 4 + -1). Let s(i) = -5*i - 12. Let b be s(-2). Let v be 119/(-28) + b/q. Calculate x(v).
1
Let p be ((-32)/(-8) + -3)*-5*1. Let d(l) = l**3 + 4*l**2 - 3*l + 17. Give d(p).
7
Let l(q) = -8*q**3 + 5*q**2 - 9*q - 10. Let s(y) = -7*y**3 + 5*y**2 - 8*y - 8. Let n(d) = 6*l(d) - 7*s(d). Determine n(5).
6
Let a be -7 + -1 - (6 + -9). Let o(w) = w**3 + 5*w**2 - 1. What is o(a)?
-1
Let a be (-17 + -1)/(-129 - -123). Let o(t) = -9*t**2 + 8*t - 3. Let j(u) = 4*u**2 - 4*u + 1. Let x(s) = 5*j(s) + 2*o(s). Calculate x(a).
5
Let z(n) = -n**2 + 2*n + 1. Let x(j) be the first derivative of -1/3*j**3 + 4*j**2 - 6 - 5*j. Let y be x(7). Determine z(y).
1
Suppose 9*t = t. Let h(l) = -3*l**2 - 3*l - 20. Let s(j) = -5*j**2 - 5*j - 30. Let i(a) = -8*h(a) + 5*s(a). Determine i(t).
10
Let h(n) = -14*n**2 + 3*n - 8. Let r(g) = 9*g**2 - 2*g + 5. Let m(y) = -5*h(y) - 8*r(y). Determine m(4).
-28
Let r(x) be the second derivative of x**4/6 - x**2/2 - 5*x. Let d = -70 + 67. Give r(d).
17
Let f(z) = 6*z**2 - 4*z - 1. Let d(o) = -13*o**2 + 8*o + 3. Let k(r) = 4*d(r) + 9*f(r). Let u = -194 + 104. Let g = 92 + u. What is k(g)?
3
Let d(s) = -14*s - 24*s + 2*s - 2*s - 1. Determine d(1).
-39
Let a(y) = 2*y**3 - 2*y**2 + y**3 - 2*y**3 - 1 + 2*y. Let s = 3788 - 3786. Determine a(s).
3
Let k(g) = 3*g**2 - 2*g - 2. Let a = -74 - -77. Calculate k(a).
19
Let y(d) = -2*d**3 + 7*d**2 - 8*d - 4. Let a(l) = 2*l**3 - 8*l**2 + 10*l + 5. Let j(h) = -3*a(h) - 4*y(h). What is j(2)?
5
Let j(v) = -v + 3. Let h(t) = -t + 2. Let n(d) = 7*h(d) - 5*j(d). Determine n(-2).
3
Let o(s) = -5*s**3 - 2*s**2 - 2*s - 1. Let f(l) = l**3 - 4*l**2 - 5*l - 5. Let c be f(5). Let a = c - -10. Let w = a + -6. Calculate o(w).
4
Suppose 0 = 6*w - 5*w - 3. Suppose 3*p = 5*u + 15, w*u = 3*p - 5 - 10. Let q(r) = 2*r - 6. Calculate q(p).
4
Let g(h) = 10*h + 7. Let b(s) = -23*s - 13. Let n(v) = 3*b(v) + 7*g(v). Determine n(-5).
5
Let d(a) = -a**2 + 9*a - 12. Suppose 0 = -23*y - 16*y + 273. Calculate d(y).
2
Let j(f) = -f**3 + 3*f**2 - 3*f + 6. Suppose 2*z - 6 = 0, 3*q + 0*z + 3 = 4*z. Let t be j(q). Let i(w) = -2*w + 2. Give i(t).
8
Let s(f) = f**2 + 18*f - 22. Let y be s(-19). Let h be ((-3)/9)/(y/(-18)). Let n(q) = -q**2 + 2*q + 3. Give n(h).
-5
Let a(s) = s**3 - 2*s. Suppose -m - 4 = -6. Let d be a(m). Suppose -d*h + 1 = 5. Let i(y) = -y. Give i(h).
1
Suppose -38 = 8*l - 4*l - 3*p, 4*l + 30 = -p. Let s(w) = 10*w + 8 + 3 - 9*w - 5. Determine s(l).
-2
Let l(m) = 3*m - 3*m + 4*m - 7 + 0*m - 2*m. Suppose -2*r + 3*c = 7, 2*r = -2*r - 2*c - 22. Give l(r).
-17
Let y(m) = -3*m - 2. Let z = -168 - -164. Calculate y(z).
10
Let o(r) = -9*r**2 + 2*r + 6. Let u(p) = 20*p**2 - 4*p - 11. Let z(a) = -9*o(a) - 4*u(a). Calculate z(4).
-2
Suppose 5*y = -2*h - h + 1, -y - 3 = -h. Let z(r) = -2*r**3 + r**2 + 6*r - 4. Let b be z(h). Let m(v) = 2*v + 1. Determine m(b).
-7
Let k(d) = -d - 23. Let o be -3 + 5 + -13 - -1. Let m be 25/2*8/o. Calculate k(m).
-13
Let a(u) = 2*u**2 + 9*u - 3. Let w(o) = -213*o + 111*o - 1 + 103*o. Let s(b) = -a(b) + 5*w(b). Let g be 2*3/(-3) - 0. What is s(g)?
-2
Let s(u) = u**3 + 6*u**2 + 4. Suppose -2*j - 4*m + 24 = -0*j, 3*j + 3*m = 30. Let o(d) = 8 - j - d - 2*d**2. Let t be o(-2). Determine s(t).
4
Let c(v) = -9*v + v + 3*v + 4 - v**2 + 8*v. Determine c(5).
-6
Let y(a) be the second derivative of a**5/20 + 2*a**4/3 - 23*a**3/6 - 7*a**2 + a - 136. Calculate y(-10).
16
Let d = 14 + -15. Let f(l) = 16*l**2 - 2*l + 7. Let w(s) = 47*s**2 - 5*s + 19. Let h(i) = 8*f(i) - 3*w(i). Give h(d).
-13
Let j(n) = -5*n + 7. Let w(l) = -l - 1. Let x(k) = j(k) - 6*w(k). What is x(-9)?
4
Let w(d) = -d - 18. Let f(l) = 30*l - 13. Let v be f(0). Determine w(v).
-5
Suppose 0 = 2*s - 3*a - 24, s - a = -4*s + 34. Suppose p + 4*p = 0. Suppose p*v = -3*v + s. Let f(h) = h**2 - 1. Calculate f(v).
3
Let s(t) = -6*t - 1. Let l(f) = 30*f + 5. Let y(i) = -2*l(i) - 11*s(i). What is y(-2)?
-11
Suppose 0 = -14*b - 6*b - 240. Let t(x) = x**2 + 14*x + 3. Give t(b).
-21
Let r(t) be the second derivative of -1 + 1/12*t**4 + 11/20*t**5 - 1/6*t**3 + 22*t + 1/2*t**2. Give r(1).
12
Suppose 5 = 5*u, 3*o - 3*u = 3 - 21. Let k(m) = -2*m + 3. Determine k(o).
13
Let m be 2/(-22) - (-1246)/154. Let n(d) = -d**2 + 11*d - 4. Determine n(m).
20
Let b(v) = v**3 - 8*v**2 + 2*v - 7. Let w be 3/(-2 + (-52)/(-24)). Suppose 13*o + 40 = w*o. Determine b(o).
9
Let w(p) = -3*p - 4. Let i be ((-78)/12 + 6)/((-3)/36). What is w(i)?
-22
Let v(y) = y**3 + 6*y**2 - 7*y - 10. Let h(f) be the second derivative of -f**4/6 + f**2/2 - 4*f. Let r be h(2). Calculate v(r).
-10
Let w(r) be the second derivative of r**3/2 + r**2 + 237*r - 2. What is w(-4)?
-10
Let z(s) be the first derivative of 3*s**2 + 2*s + 2*s**3 + 1/4*s**4 + 2. Suppose 5*t + 2 + 19 = 4*q, -4*t = q + 21. Give z(t).
-3
Suppose -4*s = -s. Let y(g) = g**2 + 6*g - 10. Let x(v) = -v + 1. Suppose 3*o + d = -0*d + 1, 0 = 2*o - 4*d - 10. Let r(c) = o*y(c) + 6*x(c). Determine r(s).
-4
Let q(f) = 16*f + 5 + f**2 - 13 - 7*f + 5. Suppose l + 24 = -3*m, 2*m + 2*l = 4 - 16. Determine q(m).
-3
Let q be 9/(-2)*(-4)/6. Let r(o) = 2*o - q*o - o**2 + 4 - o**3 - 7*o**3 - 3. Give r(1).
-9
Let x(a) = a**3 + 4*a**2 - 6*a - 1. Let d be (-2)/(-3) - 12/18. Suppose 3*w = -w + 2*u + 32, 5*w + 2*u = 58. Suppose 2*g = -d*g - w. Determine x(g).
4
Let q be (2*(-25)/20 - -2)*-1. Let n(r) be the second derivative of 0 - 4*r + 1/2*r**2 + q*r**3. Determine n(-2).
-5
Let d = 8 - 6. Let s(c) = 3*c**2 - 4*c - 3. Let p(n) = 16*n**2 - 21*n - 15. Suppose -26*m = -23*m + 33